tors of 15558696?
2, 3, 72031
What are the prime factors of 110804?
2, 27701
List the prime factors of 8912.
2, 557
What are the prime factors of 17491067?
11, 43, 36979
List the prime factors of 304314.
2, 3, 67, 757
What are the prime factors of 212227?
212227
List the prime factors of 20797140.
2, 3, 5, 7, 13, 293
What are the prime factors of 4469424?
2, 3, 93113
What are the prime factors of 25376241?
3, 11, 53, 1319
List the prime factors of 98246.
2, 49123
List the prime factors of 927412.
2, 103, 2251
List the prime factors of 88933.
13, 6841
List the prime factors of 246183.
3, 7, 19, 617
What are the prime factors of 13222648?
2, 1652831
What are the prime factors of 7015254?
2, 3, 17, 68777
List the prime factors of 182059.
182059
List the prime factors of 168382.
2, 84191
List the prime factors of 83713.
7, 11959
List the prime factors of 75626.
2, 37813
What are the prime factors of 2173115?
5, 7, 29, 2141
What are the prime factors of 106799?
7, 11, 19, 73
List the prime factors of 7763000.
2, 5, 7, 1109
What are the prime factors of 65885?
5, 13177
What are the prime factors of 403094?
2, 201547
List the prime factors of 2539120.
2, 5, 17, 1867
What are the prime factors of 171794?
2, 7, 1753
List the prime factors of 382879.
7, 83, 659
List the prime factors of 9177395.
5, 31, 59209
What are the prime factors of 4542664?
2, 7, 81119
What are the prime factors of 10092723?
3, 3364241
List the prime factors of 3697980.
2, 3, 5, 11, 13, 431
List the prime factors of 116631.
3, 12959
What are the prime factors of 450555?
3, 5, 7, 613
What are the prime factors of 59914?
2, 29, 1033
What are the prime factors of 24721902?
2, 3, 457813
What are the prime factors of 37570?
2, 5, 13, 17
What are the prime factors of 1006255?
5, 201251
List the prime factors of 24959937.
3, 619, 13441
List the prime factors of 20382002.
2, 23, 41, 101, 107
List the prime factors of 108236.
2, 27059
List the prime factors of 21364.
2, 7, 109
List the prime factors of 1235490.
2, 3, 5, 41183
List the prime factors of 9804221.
7, 191, 7333
What are the prime factors of 193283?
193283
What are the prime factors of 415323?
3, 46147
List the prime factors of 2145022.
2, 11, 97501
List the prime factors of 5332276.
2, 457, 2917
List the prime factors of 3608366.
2, 19, 269, 353
List the prime factors of 3334292.
2, 13, 37, 1733
What are the prime factors of 55995?
3, 5, 3733
What are the prime factors of 69781?
31, 2251
What are the prime factors of 27736569?
3, 7, 37, 73, 163
List the prime factors of 21180536.
2, 13, 203659
What are the prime factors of 556151?
47, 11833
List the prime factors of 305913.
3, 107, 953
What are the prime factors of 2822642?
2, 283, 4987
List the prime factors of 2977000.
2, 5, 13, 229
What are the prime factors of 1855170?
2, 3, 5, 6871
List the prime factors of 289445.
5, 13, 61, 73
List the prime factors of 27373266.
2, 3, 23, 37, 1787
List the prime factors of 1702852.
2, 425713
List the prime factors of 58470.
2, 3, 5, 1949
List the prime factors of 19260.
2, 3, 5, 107
What are the prime factors of 284137?
7, 40591
List the prime factors of 3440604.
2, 3, 163, 1759
What are the prime factors of 2838369?
3, 946123
What are the prime factors of 22257?
3, 2473
What are the prime factors of 13862926?
2, 7, 11, 90019
What are the prime factors of 82078?
2, 41039
What are the prime factors of 4856269?
11, 441479
What are the prime factors of 1757495?
5, 313, 1123
List the prime factors of 38495.
5, 7699
What are the prime factors of 3725089?
1163, 3203
List the prime factors of 5243549.
43, 197, 619
What are the prime factors of 3547755?
3, 5, 78839
List the prime factors of 2017277.
37, 54521
What are the prime factors of 767294?
2, 11, 34877
What are the prime factors of 13308354?
2, 3, 41, 6011
What are the prime factors of 1399669?
109, 12841
List the prime factors of 165963.
3, 7, 1129
What are the prime factors of 36112933?
67, 103, 5233
What are the prime factors of 1817109?
3, 7, 28843
List the prime factors of 2962495.
5, 29, 20431
List the prime factors of 441154.
2, 7, 31511
What are the prime factors of 15867284?
2, 1531, 2591
List the prime factors of 6364081.
53, 120077
What are the prime factors of 6876627?
3, 59, 38851
List the prime factors of 518769.
3, 57641
What are the prime factors of 29828839?
1951, 15289
List the prime factors of 1403574.
2, 3, 449, 521
List the prime factors of 781759.
11, 71069
What are the prime factors of 12701942?
2, 11, 29, 43, 463
List the prime factors of 304375.
5, 487
What are the prime factors of 61021?
139, 439
What are the prime factors of 3333543?
3, 1111181
What are the prime factors of 2738219?
11, 23, 79, 137
List the prime factors of 2112432.
2, 3, 7, 6287
List the prime factors of 40919.
17, 29, 83
What are the prime factors of 7396710?
2, 3, 5, 246557
List the prime factors of 18459123.
3, 6153041
List the prime factors of 2050599.
3, 479, 1427
List the prime factors of 14093059.
373, 37783
What are the prime factors of 15280936?
2, 11, 173647
List the prime factors of 308888.
2, 38611
What are the prime factors of 25870230?
2, 3, 5, 223, 1289
List the prime factors of 1650657.
3, 31, 17749
List the prime factors of 7401682.
2, 97, 38153
List the prime factors of 16801920.
2, 3, 5, 2917
What are the prime factors of 2457618?
2, 3, 31, 73, 181
What are the prime factors of 5764783?
5764783
What are the prime factors of 2013018?
2, 3, 7, 41, 167
List the prime factors of 2096861.
13, 101, 1597
List the prime factors of 868888.
2, 313, 347
List the prime factors of 2530.
2, 5, 11, 23
List the prime factors of 545507.
31, 17597
What are the prime factors of 347092?
2, 19, 4567
What are the prime factors of 24485767?
59, 415013
What are the prime factors of 14337649?
59, 243011
List the prime factors of 383717.
263, 1459
What are the prime factors of 83768?
2, 37, 283
List the prime factors of 44763540.
2, 3, 5, 433, 1723
What are the prime factors of 8058579?
3, 23, 116791
What are the prime factors of 660298?
2, 330149
What are the prime factors of 2698493?
7, 389, 991
List the prime factors of 4106279.
4106279
What are the prime factors of 16091441?
16091441
What are the prime factors of 894771?
3, 37, 2687
What are the prime factors of 9377363?
2767, 3389
What are the prime factors of 166458?
2, 3, 27743
What are the prime factors of 372928?
2, 5827
What are the prime factors of 9476066?
2, 2141, 2213
List the prime factors of 523539.
3, 58171
What are the prime factors of 85406?
2, 42703
List the prime factors of 387777.
3, 13, 61, 163
What are the prime factors of 230381?
101, 2281
What are the prime factors of 3906292?
2, 13, 43, 1747
List the prime factors of 2026348.
2, 67, 7561
What are the prime factors of 79361?
61, 1301
What are the prime factors of 1815698?
2, 907849
List the prime factors of 662784.
2, 3, 863
List the prime factors of 66483.
3, 83, 89
What are the prime factors of 7110181?
13, 546937
What are the prime factors of 16409206?
2, 11, 745873
List the prime factors of 3616993.
3616993
What are the prime factors of 23018631?
3, 43, 178439
List the prime factors of 316852.
2, 113, 701
What are the prime factors of 727381?
41, 113, 157
List the prime factors of 52743.
3, 17581
What are the prime factors of 4680901?
4680901
What are the prime factors of 3019655?
5, 603931
List the prime factors of 533934.
2, 3, 29663
What are the prime factors of 234902?
2, 67, 1753
What are the prime factors of 302699?
421, 719
What are the prime factors of 4280573?
11, 31, 12553
What are the prime factors of 245801?
23, 10687
What are the prime factors of 1268664?
2, 3, 52861
What are the prime factors of 367975?
5, 41, 359
What are the prime factors of 430001?
11, 13, 31, 97
List the prime factors of 25551411.
3, 8517137
List the prime factors of 560819.
7, 113, 709
What are the prime factors of 17793409?
17793409
List the prime factors of 2110536.
2, 3, 3257
List the prime factors of 632467.
11, 5227
What are the prime factors of 20845423?
31, 281, 2393
List the prime factors of 1607155.
5, 11, 29221
What are the prime factors of 23144807?
7, 191, 2473
What are the prime factors of 276272?
2, 31, 557
List the prime factors of 35103.
3, 11701
What are the prime 